Let x be g(m). Give j(x).
-4
Suppose -3*t + 13 - 1 = 0. Let j(f) = 3*f**2 - f. Let g(r) = -7*r**2 + 3*r. Let o(y) = -4*y + 1. Let n be o(-2). Let x(z) = n*j(z) + 4*g(z). Give x(t).
-4
Suppose -3*h + k = 24, 2*k + 1 = 2*h + 7*k. Let z = h + 10. Suppose z = -3*c, -3*o - 7 = -2*c - 0. Let w(s) = 3*s - 4. Determine w(o).
-13
Let a(q) be the second derivative of -q**4/12 - q**3/2 + 5*q**2/2 - 4*q. Suppose x = -4*o - 22, 4*o + 0*o + 28 = 2*x. Calculate a(o).
-13
Let q(m) = -m**3 + 2*m**2 - 3*m + 2. Let w be (2/(-5))/(1 + (-6)/5). Determine q(w).
-4
Let n(j) be the first derivative of j**2 - 13*j + 1. Let s be n(9). Let r(b) = -5*b**2 + 5 + 0*b**3 + 0*b**2 + b**3. Determine r(s).
5
Let o be ((-16)/(-20))/(6/15). Let v(a) be the third derivative of -3*a**o - 5/24*a**4 + 1/6*a**3 + 0 + 0*a. Give v(1).
-4
Let c = -23 - -26. Let g(d) = -7*d + 3. Calculate g(c).
-18
Let g(c) be the first derivative of c**4/4 + 4*c**3/3 - 4*c - 1. Suppose -v + 17 = -5*j, 0 = -4*j - 83*v + 88*v - 22. Give g(j).
5
Let z(i) = i**2 + 3*i + 4. Let r be z(-3). Suppose -4*q = -3*q - 3. Let h(t) = t**3 - 6*t - 3 + 5*t + q*t**2 - 6*t**2. Determine h(r).
9
Let u = -36 - -35. Let m(q) = -17*q**2 - 11*q - 11. Let s(b) = 8*b**2 + 5*b + 5. Let j(v) = 6*m(v) + 13*s(v). Give j(u).
2
Suppose -5*x - 1 = 4*b + 6, 4*b - 17 = 3*x. Suppose 2*z - 5*t + 5 + 1 = 0, 4*z + 2*t - 12 = 0. Let i(j) = 5*j**2 + 2*j**z + j**3 - 3*j - 5*j**2. Give i(b).
10
Let l(k) be the third derivative of k**7/5040 + 7*k**6/720 + k**5/15 + 3*k**2. Let c(j) be the third derivative of l(j). Give c(5).
12
Let y(n) be the second derivative of 5/24*n**4 + n**2 - n + 0 + 1/2*n**3. Let u(c) be the first derivative of y(c). What is u(-2)?
-7
Let q = -5 + 8. Let l(g) = -1 - g - 2*g**2 - q*g + g**2. Let d(n) = -n**3 + 13*n**2 - 11*n - 17. Let b be d(12). Calculate l(b).
-6
Suppose -6 = -3*d - 4*m, -m + 6*m - 6 = -3*d. Suppose 0*u + d = 2*u. Suppose u = q - 0*q. Let h(r) = 6*r. Give h(q).
6
Let k be 6/39 + 37/13. Let v(m) = -3*m + 8 + k*m**2 - 2 - 4*m**2 + 2. Give v(-6).
-10
Suppose -5 = -3*x - 17. Let g(z) = -2*z**2 - 5*z + 4. Calculate g(x).
-8
Let o be -2 - (9/3 - -1). Let p be (5/5)/(2/o). Let k(t) = -t**3 - 2*t**2 + 3*t - 1. Give k(p).
-1
Suppose 0 = q + 2*z - 12, 2*q - z + 9 = 4*q. Let c = q + -7. Let n(b) = b + 10. What is n(c)?
5
Let f(x) = -10*x**3 + x**2 - 1. Let q(k) = -4*k - 5. Let p be q(-2). Suppose p*h + 2 = -j, 4*h - j = -5*j. Give f(h).
10
Let w(i) be the second derivative of i**7/2520 - i**6/120 - i**5/40 - 3*i**4/4 + 5*i. Let p(b) be the third derivative of w(b). What is p(6)?
-3
Let d(r) = 4 - 362*r + 361*r + 2. Let h be 0 + -2 + 3 - 7. Calculate d(h).
12
Suppose -3*b - 2*r = 16, -4*b + 2*r = -0*b + 26. Let m(v) = -v**3 - 7*v**2 - 5*v. What is m(b)?
-6
Suppose 0 = -2*j + j - 1. Let f be 1*18 + 0/j. Let d be 68/f - (-6)/27. Let t(u) = u**3 - 5*u**2 + 4*u - 2. Give t(d).
-2
Let p(c) = -c**3 - 4*c**2 - 2*c - 5. Let o be p(-4). Let x(a) = 4*a**3 + 5 + 2*a**3 - 4*a + 0*a**3 + 4*a**2 - 5*a**o. Calculate x(-5).
0
Let r(h) = -3*h**2 - 3*h - 2. Let b(q) = -q + 5. Let w be b(7). Let x be (1 - 0)*(0 + w). Give r(x).
-8
Let k(s) = -s + 2*s + 2*s - 8 + 0*s. Give k(7).
13
Let m = -1 + 3. Let n(h) = -1 - 4*h**2 + 5*h**2 + m*h + 0*h - 6*h. What is n(5)?
4
Let k = -18 - -23. Let f(b) = -b**2 + 6*b - 6. Give f(k).
-1
Let a(b) = b**2 - 2*b - 4. Let y be a(6). Suppose 27*p = 24*p + 6. Let r(s) = -s**p + 0*s - 22 + y + 2*s. What is r(3)?
-5
Suppose 28 = p - 3*h - 2*h, -5*p + 40 = -5*h. Let l = 7 - p. Let m(x) = 3 - 2*x + 1 + 3*x. Give m(l).
8
Let u = -10 - -13. Let a = u - 4. Let m(v) be the second derivative of -5*v**4/12 + v**3/6 + v**2/2 - v. Determine m(a).
-5
Let i be 5 + 12/((-12)/3). Let v(b) = -b**3 - 11 + b**i + 11. What is v(1)?
0
Let r(w) = -5*w + 11. Let h(u) = 2*u - 5. Let y(x) = -7*h(x) - 3*r(x). Calculate y(-6).
-4
Let h(k) = -k**3 - 5*k**2 - k + 1. Let x = 16 + -10. Suppose -3*f + g = -2, 2*g = -2*f + x*g - 12. Suppose -3*r = -f*r + 5. What is h(r)?
6
Suppose s - 2*s - 13 = 2*d, -s + 11 = -4*d. Let x(u) = 3*u + 3. Give x(d).
-9
Suppose 5*m + 4*w = -30, 5*m = 2*w + 1 - 31. Suppose -4*g - 5*a + 8 = 0, -g + a = 3*a - 2. Let f(b) = 0*b - 3 - 5*b + 0*b**2 - b**g. Calculate f(m).
-9
Let t(o) = -11*o - 3. Let f be 12*((-7)/(-2) - 3). Let q(c) = -5*c - 1. Let r(j) = f*t(j) - 13*q(j). Calculate r(-5).
0
Let h(i) = -i. Let t(a) = -3*a + 1. Let c(s) = 4*h(s) - t(s). What is c(0)?
-1
Let s(u) be the third derivative of u**5/60 - u**4/3 + u**3/3 - 14*u**2. Give s(8).
2
Let i(z) be the first derivative of 3*z**2/2 + 3*z - 5. Let a be i(-3). Let o(r) = -r - 7. Give o(a).
-1
Let o(u) = -u**3 + u**2 - u. Let h(x) = x. Let p be h(3). Let w(q) = q**2 + 5 + 4*q - 2*q**3 - 3*q**2 + 3*q**3 - 4*q**p. Let l(f) = -2*o(f) + w(f). Give l(-5).
0
Suppose -15 = -3*a + 9. Let h(w) = w + 1. Determine h(a).
9
Suppose y = -y - 6. Let a = y - 1. Let r(g) = g**2 + 5*g - 1. Calculate r(a).
-5
Suppose -5*c = -4*n - 1, -5*c + 8 = 5*n - 2. Let m be -3*c/(-6)*10. Let z(i) = -i**2 + 5*i - 3. Determine z(m).
-3
Let i(f) = 5*f**3 - 4*f**2 + 4*f - 1. Suppose -2 + 11 = c. Let k(w) = -11*w**3 + 8*w**2 - 9*w + 3. Let j(u) = c*i(u) + 4*k(u). Determine j(4).
3
Let i(n) be the third derivative of -n**5/60 + 5*n**4/24 + n**3/2 + 14*n**2. Give i(6).
-3
Let i(s) be the second derivative of -s**3/6 + s. Suppose 0 = 5*y - 11 - 4. Let g be i(y). Let n(u) = 3*u + 4. What is n(g)?
-5
Let j(u) be the third derivative of 0 - 1/24*u**4 + u**2 - 1/120*u**6 + 1/6*u**3 + 0*u - 1/12*u**5. Calculate j(-5).
6
Let f(b) be the second derivative of -3*b + 1/6*b**3 - 1/2*b**2 + 0 + 1/6*b**4. Calculate f(-2).
5
Let p be (1 + -1)/(3 - 6). Let d(b) be the second derivative of -2*b**2 + p - b + 1/3*b**3. Determine d(4).
4
Let z(u) be the second derivative of 0 + u + 0*u**2 + 5/6*u**3 - 1/12*u**4. Calculate z(4).
4
Let l(s) be the second derivative of 1/3*s**3 - s - 1/2*s**2 + 0. Let t be (-5*8/(-20))/(5/10). What is l(t)?
7
Let r be -3 + 2/2 + 7. Let l(w) = 3*w - 1. Let z(o) = -13*o + 5. Let k(x) = -9*l(x) - 2*z(x). Let y(q) = -1. Let i(g) = -k(g) + 2*y(g). Determine i(r).
4
Suppose o + 3 = 1. Let r(n) = -n**2 + 3*n + 2. Calculate r(o).
-8
Let d(i) = 2*i**2 - i - 1 + 0*i - i**2. Calculate d(2).
1
Let z = -3 + 5. Let v be 8 + ((-2)/z)/1. Suppose 0 = w + t + 4, v = -2*w + 2*t - 5. Let n(r) = r**3 + 5*r**2 + r + 1. What is n(w)?
-4
Let o(l) = l**3 + l - 1. Let k(b) = -b**3 + 5*b**2 - 9*b - 6. Let z(c) = k(c) + 2*o(c). Let d be z(-6). Let t = 1 + d. Let m(w) = -2*w + 1. Give m(t).
3
Suppose -3 - 17 = -4*f. Suppose -2*j - f = -3*l, 15 = 4*j + l - 2*l. Let w(m) = -m**3 + 6*m**2 - 4*m. Give w(j).
5
Let l(x) = x**3 - 10*x**2 + 4*x + 7. Let v(t) = -12*t**2 - 9 - 37*t**2 + 4*t**3 + 15*t + 8*t**2 + 36. Let n(u) = 9*l(u) - 2*v(u). Determine n(7).
2
Let t(j) be the first derivative of -j**4/4 - 2*j**3 - 7*j**2/2 - 2*j - 7. What is t(-5)?
8
Let j(l) = -l**2 + 5*l - 4. Let n(w) = w**3 - 3*w**2 - 7*w + 5. Let a(g) = g**3 - 3*g**2 - 8*g + 4. Let t(r) = -2*a(r) + 3*n(r). Let p be t(4). Determine j(p).
2
Let u(z) = 3*z + 9. Let m be (-33)/22 + (-18)/4. Calculate u(m).
-9
Let t(x) = x**3 - 6*x**2 + 6*x - 3. Let u be t(5). Let p = 24 + -18. Let q(l) = l + 17*l**2 - 2 - 18*l**2 - 3 + p. Give q(u).
-1
Let f(u) = 3*u - 1. Suppose 4*s + 1 = 5*v - 3, 3*s + 2 = 4*v. Let l be 4/(-24) + 5/s. What is f(l)?
-4
Let u = 29 + -27. Let t(i) = -i - 2 + 2*i + i. Give t(u).
2
Let b = 1 - -1. Let s(l) = -2*l - 7. Let j(w) = w + 1. Let m(n) = 4*j(n) + s(n). Calculate m(b).
1
Let p be ((-3)/(-6))/(2/16). Suppose p*o + 0*o = 12. Let u(y) = -y - 2*y + 4*y - 4. Calculate u(o).
-1
Let d(o) be the second derivative of 0 - 1/6*o**3 + 0*o**2 + o**4 + 7*o. What is d(1)?
11
Let p(k) = -k**3 - 8*k**2 - 6*k + 1. Suppose 3*u = 27 + 45. Suppose -2*f - u = -10. Determine p(f).
-6
Suppose -5*o + 20 = -0*o. Suppose 3*k = j - 3, 0*j = -4*j + 4*k + o. Let y(p) = 6 + 6 - 3 - p**3. Determine y(j).
9
Let i(q) = -q - 2. Let k be ((-2)/(0 + -2))/(-1). Calculate i(k).
-1
Suppose 4*h + 0*q = -2*q + 34, 2*h + 5*q = 37. Let g = -4 + h. Let r(i) = 3*i**2 + 3*i**g + 6 - 5*i**2 - i**3. Give r(0).
6
Let j(k) = -1 + 8*k**2 + 6*k**2 - 18*k**2 + 2*k**2. Give j(1).
-3
Let p(l) = l**3 + 2*l**2 - 14*l. Let k be p(-5). Let g be k/(-5) + 5/1. Let b(s) = -s + 0*s +